{"id":4,"date":"2011-01-22T20:07:14","date_gmt":"2011-01-22T20:07:14","guid":{"rendered":"http:\/\/pkjl-brandenburg.de\/?page_id=4"},"modified":"2011-03-17T20:41:17","modified_gmt":"2011-03-17T20:41:17","slug":"1-bundesliga-frauen","status":"publish","type":"page","link":"https:\/\/pkjl-brandenburg.de\/?page_id=4","title":{"rendered":"1. Bundesliga Frauen"},"content":{"rendered":"<h1 style=\"text-align: center;\"><strong>Die Geschichte<\/strong><\/h1>\n<p><strong>1991<\/strong> &#8211; die Judo-Funktion\u00e4re Eduard Burgstaller, Peter Kamrath und die Br\u00fcder<br \/>\nErnst-Detlev und Wolfgang Zuckschwerdt hatten eine tragf\u00e4hige Konzeption f\u00fcr eine Brandenburger Frauenmannschaft entwickelt.<\/p>\n<h2><strong> Ziel: Aufstieg in die 2.Liga mit Traumziel 1.Liga!!!<\/strong><\/h2>\n<p><strong>1992<\/strong> &#8211; 1.Platz in der 2. Liga und damit stand dem Aufstieg in die 1.Liga nichts im Weg<\/p>\n<p><strong>1993<\/strong> &#8211; durch Verletzungspech Abstieg in die 2. Liga<\/p>\n<p><strong>1994<\/strong> &#8211; mit einer neu zusammengestellten Mannschaft wurden in diesem Jahr wichtige Erfahrungen nicht nur von den K\u00e4mpferinnen sondern auch der Funktion\u00e4ren gesammelt und am Ende der Saison wurden wir mit dem erneuten Aufstieg in die 1.Liga belohnt<\/p>\n<p><strong>1995<\/strong> &#8211; 3. Platz in der Nordgruppe der 1. Liga<\/p>\n<p><strong>1996<\/strong> &#8211; 2. Platz in der Nordgruppe der 1.Liga<br \/>\nerfolgreichste K\u00e4mpfer aus Deutschland und dem Ausland in unserem Team<br \/>\nJana Perlberg (-48 kg) ; Ute Burmeister (-66 kg); Ulla Werbrouck (-72kg,BEL);<br \/>\nSandra K\u00f6ppen (+78 kg)<\/p>\n<h2>1997 &#8211; <strong>3.Platz in der 1. Bundesliga<\/strong><\/h2>\n<p>&#8211; verschiedene K\u00e4mpferinnen aus dem In- und Ausland empfehlen sich f\u00fcr unsere Mannschaft zu k\u00e4mpfen, z.B. Jolanta Wojnarowicz (-48 kg, POL); Beata Kucharzewska (-52kg,POL) und Danuse Zdenkova (-63 kg)<\/p>\n<p><strong>1998<\/strong> &#8211; 5.Platz in der Finalrunde der 1. Frauenbundesliga<\/p>\n<h2>1999 &#8211; <strong>Deutscher Meister in der 1. Bundesliga<\/strong><\/h2>\n<p>&#8211; diese Medaille erarbeitet durch das Trainergespann Jolk\/Zuckschwerdt, durch das Organisationsteam der 1. Bundesliga, durch die Unterst\u00fctzung der Sponsoren<br \/>\nVoraussetzungen fr\u00fc die Siege sind der Teamgeist, die beinahefamili\u00e4re Atmorph\u00e4re und die Freundschaften innerhalb der Mannschaft<\/p>\n<h2>2000 &#8211; <strong>3. Platz in der 1. Bundesliga<\/strong><\/h2>\n<p>&#8211; Ute Burmeister beendet ihre sportliche Laufbahn und auch unsere Jolanta und<br \/>\nBeata verlassen uns nach Verletzungspech<br \/>\n&#8211; 5. Platz beim Europa-Cup in Paris<\/p>\n<h2>2001 &#8211; <strong>3. Platz in der 1. Bundesliga<\/strong><\/h2>\n<p>&#8211; in diesem Jahr hatte unsere Mannschaft 3 amtierende Europameisterinnen<br \/>\nInge Clement (-52 kg, BEL), Ulla Werbrouck (-70kg, BEL) und Sandra K\u00f6ppen (+78kg)<br \/>\n&#8211; junge K\u00e4mpferinnen wie die Junioren Europameisterin und EM 5. der Frauen Annett<br \/>\nB\u00f6hm (-70kg) sowie Aneta Szepanzska (-63kg, POL) Vizeolympiasiegerin von Atlanta<br \/>\n&#8211; in diesem Jahr waren wir in Brandenburg a.d.H. Ausrichter der Finalrunde um<br \/>\nden Deutschen Meister<br \/>\n&#8211; dies war eine gelungene Veranstaltung, die viel Organisationstalent abverlangte<\/p>\n<p><strong>2002<\/strong> \u2013 4. Platz in der Nordgruppe der 1. Liga und damit der erste verpasste Finalrunden-Einzug<br \/>\n&#8211; Ulla Werbrouck und Inge Clement tauschten am Ende der Saison die Judomatte<br \/>\ngegen die Herausforderung Familie<\/p>\n<h2>2003 \u2013 <strong>3. Platz in der 1. Bundesliga<\/strong><\/h2>\n<p>&#8211; junge Athleten k\u00e4mpfen und unterst\u00fctzen unser Team<br \/>\nAnja Stuwe (-52kg), Antje Merk (-78kg), Antje Petzsch (-70 kg), Patricia<br \/>\nGrabowski (-52 kg) und Tatiana Moskwina (-48 kg)<\/p>\n<h2>2004 &#8211; <strong>Deutscher Vize-Meister<\/strong><\/h2>\n<p>&#8211; im Jubil\u00e4umsjahr der PSG begr\u00fc\u00dften wir Raffaella Imbriani (-52kg), Uta K\u00fchnen<br \/>\n(-78kg), Sviatlana Tsimashenka (-78kg,BLR) und Manja Keller (-70kg)<\/p>\n<p><strong>2005<\/strong> &#8211; 5.Platz in der 1. Bundesliga<\/p>\n<h2>2006 &#8211; <strong>Deutscher Meister in der 1. Bundesliga<\/strong><\/h2>\n<h2>2007 &#8211; <strong>Vize Deutscher Meister<\/strong><\/h2>\n<h2>2008 &#8211; <strong>3.Platz in der 1. Bundesliga<\/strong><\/h2>\n<p>&#8211; Sandra K\u00f6ppen verl\u00e4sst nach den Olympischen Spielen die Judomatte und<br \/>\nwechselt auf die Trainerbank<\/p>\n<h2>2009 &#8211; <strong>Deutscher Meister in der 1. Bundesliga<\/strong><\/h2>\n<p><strong>2010<\/strong> \u2013 5.Platz in der 1. Bundesliga<\/p>\n<p><strong>2011<\/strong> \u2013 ZIEL: Ausrichtung der Finalrunde in Brandenburg a.d.H.<br \/>\nund nat\u00fcrlich Saisonziel Medaille<br \/>\n<br \/>\n<a href=\"https:\/\/banking.mbs-potsdam.de\/portal\/portal\/StartenIPSTANDARD?IID=16050000&#038;AID=IPSTANDARD&#038;IFLBSERVERID=IF@@062@@IF\" target=\"_blank\"><img loading=\"lazy\" decoding=\"async\" src=\"http:\/\/pkjl-brandenburg.de\/wp-content\/uploads\/sparkasseinpotsdam_klein.jpg\" alt=\"\" title=\"sparkasseinpotsdam_klein\" width=\"200\" height=\"61\" class=\"aligncenter size-full wp-image-491\" \/><\/a><\/p>\n","protected":false},"excerpt":{"rendered":"<p>Die Geschichte 1991 &#8211; die Judo-Funktion\u00e4re Eduard Burgstaller, Peter Kamrath und die Br\u00fcder Ernst-Detlev und Wolfgang Zuckschwerdt hatten eine tragf\u00e4hige Konzeption f\u00fcr eine Brandenburger Frauenmannschaft entwickelt. Ziel: Aufstieg in die 2.Liga mit Traumziel 1.Liga!!! 1992 &#8211; 1.Platz in der 2. Liga und damit stand dem Aufstieg in die 1.Liga nichts im Weg 1993 &#8211; durch [&hellip;]<\/p>\n","protected":false},"author":1,"featured_media":0,"parent":103,"menu_order":0,"comment_status":"closed","ping_status":"open","template":"","meta":{"footnotes":""},"class_list":["post-4","page","type-page","status-publish","hentry"],"_links":{"self":[{"href":"https:\/\/pkjl-brandenburg.de\/index.php?rest_route=\/wp\/v2\/pages\/4","targetHints":{"allow":["GET"]}}],"collection":[{"href":"https:\/\/pkjl-brandenburg.de\/index.php?rest_route=\/wp\/v2\/pages"}],"about":[{"href":"https:\/\/pkjl-brandenburg.de\/index.php?rest_route=\/wp\/v2\/types\/page"}],"author":[{"embeddable":true,"href":"https:\/\/pkjl-brandenburg.de\/index.php?rest_route=\/wp\/v2\/users\/1"}],"replies":[{"embeddable":true,"href":"https:\/\/pkjl-brandenburg.de\/index.php?rest_route=%2Fwp%2Fv2%2Fcomments&post=4"}],"version-history":[{"count":55,"href":"https:\/\/pkjl-brandenburg.de\/index.php?rest_route=\/wp\/v2\/pages\/4\/revisions"}],"predecessor-version":[{"id":27,"href":"https:\/\/pkjl-brandenburg.de\/index.php?rest_route=\/wp\/v2\/pages\/4\/revisions\/27"}],"up":[{"embeddable":true,"href":"https:\/\/pkjl-brandenburg.de\/index.php?rest_route=\/wp\/v2\/pages\/103"}],"wp:attachment":[{"href":"https:\/\/pkjl-brandenburg.de\/index.php?rest_route=%2Fwp%2Fv2%2Fmedia&parent=4"}],"curies":[{"name":"wp","href":"https:\/\/api.w.org\/{rel}","templated":true}]}}