{"id":228,"date":"2011-01-23T20:17:06","date_gmt":"2011-01-23T20:17:06","guid":{"rendered":"http:\/\/pkjl-brandenburg.de\/?page_id=228"},"modified":"2011-02-21T07:24:46","modified_gmt":"2011-02-21T07:24:46","slug":"sandra-koppen-zuckschwerdt","status":"publish","type":"page","link":"https:\/\/pkjl-brandenburg.de\/?page_id=228","title":{"rendered":"Sandra K\u00f6ppen-Zuckschwerdt"},"content":{"rendered":"<p>Kontakt: <a href=\"mailto:skoeppen@psg-dynamo-brandenburg.de\">Sandra K\u00f6ppen<\/a><img loading=\"lazy\" decoding=\"async\" class=\"alignright size-thumbnail wp-image-334\" title=\"Sandra K\u00f6ppen-Zuckschwerdt\" src=\"http:\/\/pkjl-brandenburg.de\/wp-content\/uploads\/sani-150x150.jpg\" alt=\"\" width=\"150\" height=\"150\" \/><\/p>\n<p>Geburtsdatum: 15.05.1975<\/p>\n<p>Beruf: Arzthelferin<\/p>\n<p>Judo seit: 1989<\/p>\n<p>Lizenz: Trainer B Judo<\/p>\n<p>Gr\u00f6\u00dften sportlichen Erfolge:<br \/>\n2008 \tTeilnehmerin Olympische Spiele in Peking<br \/>\n2007 \t3. Platz Weltmeisterschaften in Rio de Janeiro<br \/>\n2004 \tTeilnehmerin Olympische Spiele in Athen<br \/>\n2003 \t5. Platz Weltmeisterschaften in Osaka<br \/>\n3. Platz Europameisterschaften in D\u00fcsseldorf<br \/>\n2002 \tEuropameisterin in Maribor<br \/>\nDeutsche Meisterin in Ettlingen<br \/>\n2001 \tEuropameisterin in Paris<br \/>\n3. Platz Weltmeisterschaften in M\u00fcnchen<br \/>\n2000 \t5. Platz Olympische Spiele in Sydney<br \/>\n1999 \t3. Platz Europameisterschaften in Bratislava<br \/>\nDeutsche Meisterin in Annaberg-Buchholz<br \/>\n1998 \t3. Platz Europameisterschaften in Oviedo\/Spanien<br \/>\n1997 \t7. Platz Weltmeisterschaften in Paris<br \/>\n1995 \t5. Platz Weltmeisterschaften in Makuhari\/Japan<br \/>\n5. Platz Europameisterschaften in Birmingham<\/p>\n","protected":false},"excerpt":{"rendered":"<p>Kontakt: Sandra K\u00f6ppen Geburtsdatum: 15.05.1975 Beruf: Arzthelferin Judo seit: 1989 Lizenz: Trainer B Judo Gr\u00f6\u00dften sportlichen Erfolge: 2008 Teilnehmerin Olympische Spiele in Peking 2007 3. Platz Weltmeisterschaften in Rio de Janeiro 2004 Teilnehmerin Olympische Spiele in Athen 2003 5. Platz Weltmeisterschaften in Osaka 3. Platz Europameisterschaften in D\u00fcsseldorf 2002 Europameisterin in Maribor Deutsche Meisterin in [&hellip;]<\/p>\n","protected":false},"author":1,"featured_media":0,"parent":115,"menu_order":2,"comment_status":"closed","ping_status":"open","template":"","meta":{"footnotes":""},"class_list":["post-228","page","type-page","status-publish","hentry"],"_links":{"self":[{"href":"https:\/\/pkjl-brandenburg.de\/index.php?rest_route=\/wp\/v2\/pages\/228","targetHints":{"allow":["GET"]}}],"collection":[{"href":"https:\/\/pkjl-brandenburg.de\/index.php?rest_route=\/wp\/v2\/pages"}],"about":[{"href":"https:\/\/pkjl-brandenburg.de\/index.php?rest_route=\/wp\/v2\/types\/page"}],"author":[{"embeddable":true,"href":"https:\/\/pkjl-brandenburg.de\/index.php?rest_route=\/wp\/v2\/users\/1"}],"replies":[{"embeddable":true,"href":"https:\/\/pkjl-brandenburg.de\/index.php?rest_route=%2Fwp%2Fv2%2Fcomments&post=228"}],"version-history":[{"count":14,"href":"https:\/\/pkjl-brandenburg.de\/index.php?rest_route=\/wp\/v2\/pages\/228\/revisions"}],"predecessor-version":[{"id":481,"href":"https:\/\/pkjl-brandenburg.de\/index.php?rest_route=\/wp\/v2\/pages\/228\/revisions\/481"}],"up":[{"embeddable":true,"href":"https:\/\/pkjl-brandenburg.de\/index.php?rest_route=\/wp\/v2\/pages\/115"}],"wp:attachment":[{"href":"https:\/\/pkjl-brandenburg.de\/index.php?rest_route=%2Fwp%2Fv2%2Fmedia&parent=228"}],"curies":[{"name":"wp","href":"https:\/\/api.w.org\/{rel}","templated":true}]}}